{"id":30,"date":"2025-06-17T15:19:31","date_gmt":"2025-06-17T15:19:31","guid":{"rendered":"https:\/\/www.suomussalmirock.fi\/?page_id=30"},"modified":"2026-01-29T07:26:09","modified_gmt":"2026-01-29T07:26:09","slug":"suomussalmen-seurahuone","status":"publish","type":"page","link":"https:\/\/www.suomussalmirock.fi\/index.php\/suomussalmirock-kumppanit-2\/suomussalmen-seurahuone\/","title":{"rendered":"Suomussalmen Seurahuone"},"content":{"rendered":"\n<p><strong>Viihtyis\u00e4\u00e4 olohuonetunnelmaa ja rentoa rokkenrollia! Hein\u00e4kuun alussa j\u00e4lleen tuttu Hey Folks! -minifestari!<\/strong><\/p>\n\n\n\n<figure class=\"wp-block-image size-full\"><img loading=\"lazy\" decoding=\"async\" width=\"698\" height=\"987\" src=\"http:\/\/www.suomussalmirock.fi\/wp-content\/uploads\/2026\/01\/Hey-Folks-jullari-nettikopio.jpg\" alt=\"\" class=\"wp-image-501\" srcset=\"https:\/\/www.suomussalmirock.fi\/wp-content\/uploads\/2026\/01\/Hey-Folks-jullari-nettikopio.jpg 698w, https:\/\/www.suomussalmirock.fi\/wp-content\/uploads\/2026\/01\/Hey-Folks-jullari-nettikopio-212x300.jpg 212w\" sizes=\"auto, (max-width: 698px) 100vw, 698px\" \/><\/figure>\n\n\n\n<p><strong>Ja jatkoa seuraa heti hein\u00e4kuun puoliv\u00e4liss\u00e4, Suomussalmirock tulee!<\/strong><\/p>\n\n\n\n<figure class=\"wp-block-image size-large\"><img loading=\"lazy\" decoding=\"async\" width=\"819\" height=\"1024\" src=\"http:\/\/www.suomussalmirock.fi\/wp-content\/uploads\/2026\/01\/WhatsApp-Image-2026-01-27-at-18.49.22-819x1024.jpeg\" alt=\"\" class=\"wp-image-516\" srcset=\"https:\/\/www.suomussalmirock.fi\/wp-content\/uploads\/2026\/01\/WhatsApp-Image-2026-01-27-at-18.49.22-819x1024.jpeg 819w, https:\/\/www.suomussalmirock.fi\/wp-content\/uploads\/2026\/01\/WhatsApp-Image-2026-01-27-at-18.49.22-240x300.jpeg 240w, https:\/\/www.suomussalmirock.fi\/wp-content\/uploads\/2026\/01\/WhatsApp-Image-2026-01-27-at-18.49.22-768x960.jpeg 768w, https:\/\/www.suomussalmirock.fi\/wp-content\/uploads\/2026\/01\/WhatsApp-Image-2026-01-27-at-18.49.22.jpeg 1080w\" sizes=\"auto, (max-width: 819px) 100vw, 819px\" \/><\/figure>\n\n\n\n<p> Ohjelma t\u00e4ydentyy pian.<\/p>\n\n\n\n<p><\/p>\n","protected":false},"excerpt":{"rendered":"<p>Viihtyis\u00e4\u00e4 olohuonetunnelmaa ja rentoa rokkenrollia! Hein\u00e4kuun alussa j\u00e4lleen tuttu Hey Folks! -minifestari! Ja jatkoa seuraa heti hein\u00e4kuun puoliv\u00e4liss\u00e4, Suomussalmirock tulee! Ohjelma t\u00e4ydentyy pian.<\/p>\n","protected":false},"author":1,"featured_media":0,"parent":338,"menu_order":4,"comment_status":"closed","ping_status":"closed","template":"","meta":{"footnotes":""},"class_list":["post-30","page","type-page","status-publish","hentry"],"_links":{"self":[{"href":"https:\/\/www.suomussalmirock.fi\/index.php\/wp-json\/wp\/v2\/pages\/30","targetHints":{"allow":["GET"]}}],"collection":[{"href":"https:\/\/www.suomussalmirock.fi\/index.php\/wp-json\/wp\/v2\/pages"}],"about":[{"href":"https:\/\/www.suomussalmirock.fi\/index.php\/wp-json\/wp\/v2\/types\/page"}],"author":[{"embeddable":true,"href":"https:\/\/www.suomussalmirock.fi\/index.php\/wp-json\/wp\/v2\/users\/1"}],"replies":[{"embeddable":true,"href":"https:\/\/www.suomussalmirock.fi\/index.php\/wp-json\/wp\/v2\/comments?post=30"}],"version-history":[{"count":25,"href":"https:\/\/www.suomussalmirock.fi\/index.php\/wp-json\/wp\/v2\/pages\/30\/revisions"}],"predecessor-version":[{"id":529,"href":"https:\/\/www.suomussalmirock.fi\/index.php\/wp-json\/wp\/v2\/pages\/30\/revisions\/529"}],"up":[{"embeddable":true,"href":"https:\/\/www.suomussalmirock.fi\/index.php\/wp-json\/wp\/v2\/pages\/338"}],"wp:attachment":[{"href":"https:\/\/www.suomussalmirock.fi\/index.php\/wp-json\/wp\/v2\/media?parent=30"}],"curies":[{"name":"wp","href":"https:\/\/api.w.org\/{rel}","templated":true}]}}

<p><strong>Viihtyisää olohuonetunnelmaa ja rentoa rokkenrollia! Heinäkuun alussa jälleen tuttu Hey Folks! -minifestari!</strong></p>



<figure class="wp-block-image size-full"><img loading="lazy" decoding="async" width="698" height="987" src="http://www.suomussalmirock.fi/wp-content/uploads/2026/01/Hey-Folks-jullari-nettikopio.jpg" alt="" class="wp-image-501" srcset="https://www.suomussalmirock.fi/wp-content/uploads/2026/01/Hey-Folks-jullari-nettikopio.jpg 698w, https://www.suomussalmirock.fi/wp-content/uploads/2026/01/Hey-Folks-jullari-nettikopio-212x300.jpg 212w" sizes="auto, (max-width: 698px) 100vw, 698px" /></figure>



<p><strong>Ja jatkoa seuraa heti heinäkuun puolivälissä, Suomussalmirock tulee!</strong></p>



<figure class="wp-block-image size-large"><img loading="lazy" decoding="async" width="819" height="1024" src="http://www.suomussalmirock.fi/wp-content/uploads/2026/01/WhatsApp-Image-2026-01-27-at-18.49.22-819x1024.jpeg" alt="" class="wp-image-516" srcset="https://www.suomussalmirock.fi/wp-content/uploads/2026/01/WhatsApp-Image-2026-01-27-at-18.49.22-819x1024.jpeg 819w, https://www.suomussalmirock.fi/wp-content/uploads/2026/01/WhatsApp-Image-2026-01-27-at-18.49.22-240x300.jpeg 240w, https://www.suomussalmirock.fi/wp-content/uploads/2026/01/WhatsApp-Image-2026-01-27-at-18.49.22-768x960.jpeg 768w, https://www.suomussalmirock.fi/wp-content/uploads/2026/01/WhatsApp-Image-2026-01-27-at-18.49.22.jpeg 1080w" sizes="auto, (max-width: 819px) 100vw, 819px" /></figure>



<p> Ohjelma täydentyy pian.</p>



<p></p>

<p>Viihtyisää olohuonetunnelmaa ja rentoa rokkenrollia! Heinäkuun alussa jälleen tuttu Hey Folks! -minifestari! Ja jatkoa seuraa heti heinäkuun puolivälissä, Suomussalmirock tulee! Ohjelma täydentyy pian.</p>
