{"id":338,"date":"2025-09-01T10:37:44","date_gmt":"2025-09-01T10:37:44","guid":{"rendered":"https:\/\/www.suomussalmirock.fi\/?page_id=338"},"modified":"2026-02-18T10:11:20","modified_gmt":"2026-02-18T10:11:20","slug":"suomussalmirock-kumppanit-2","status":"publish","type":"page","link":"https:\/\/www.suomussalmirock.fi\/index.php\/suomussalmirock-kumppanit-2\/","title":{"rendered":"Suomussalmirock yhteisty\u00f6kumppanit:"},"content":{"rendered":"\n<figure class=\"wp-block-image size-large\"><img loading=\"lazy\" decoding=\"async\" width=\"1024\" height=\"201\" src=\"https:\/\/www.suomussalmirock.fi\/wp-content\/uploads\/2026\/02\/logot-1024x201.jpg\" alt=\"\" class=\"wp-image-547\" srcset=\"https:\/\/www.suomussalmirock.fi\/wp-content\/uploads\/2026\/02\/logot-1024x201.jpg 1024w, https:\/\/www.suomussalmirock.fi\/wp-content\/uploads\/2026\/02\/logot-300x59.jpg 300w, https:\/\/www.suomussalmirock.fi\/wp-content\/uploads\/2026\/02\/logot-768x151.jpg 768w, https:\/\/www.suomussalmirock.fi\/wp-content\/uploads\/2026\/02\/logot-1536x302.jpg 1536w, https:\/\/www.suomussalmirock.fi\/wp-content\/uploads\/2026\/02\/logot.jpg 1856w\" sizes=\"auto, (max-width: 1024px) 100vw, 1024px\" \/><\/figure>\n\n\n\n<p><strong>Lue lis\u00e4\u00e4 yhteisty\u00f6 kumppaneistamme alla olevista linkeist\u00e4:<\/strong><\/p>\n\n\n\n<p><a href=\"https:\/\/www.op.fi\/osuuspankit\/op-kainuu\/\" data-type=\"link\" data-id=\"https:\/\/www.op.fi\/osuuspankit\/op-kainuu\/\">OP Kainuu<\/a>             <a href=\"https:\/\/www.lahitapiola.fi\/henkilo\/\" data-type=\"link\" data-id=\"https:\/\/www.lahitapiola.fi\/henkilo\/\">L\u00e4hitapiola<\/a>              <a href=\"https:\/\/suomussalmi.fi\/fi\" data-type=\"link\" data-id=\"https:\/\/suomussalmi.fi\/fi\">Suomussalmen kunta<\/a>              <a href=\"https:\/\/oulu2026.eu\/\" data-type=\"link\" data-id=\"https:\/\/oulu2026.eu\/\">Oulu 2026<\/a><\/p>\n\n\n\n<p><\/p>\n","protected":false},"excerpt":{"rendered":"<p>Lue lis\u00e4\u00e4 yhteisty\u00f6 kumppaneistamme alla olevista linkeist\u00e4: OP Kainuu L\u00e4hitapiola Suomussalmen kunta Oulu 2026<\/p>\n","protected":false},"author":1,"featured_media":0,"parent":0,"menu_order":0,"comment_status":"closed","ping_status":"closed","template":"","meta":{"footnotes":""},"class_list":["post-338","page","type-page","status-publish","hentry"],"_links":{"self":[{"href":"https:\/\/www.suomussalmirock.fi\/index.php\/wp-json\/wp\/v2\/pages\/338","targetHints":{"allow":["GET"]}}],"collection":[{"href":"https:\/\/www.suomussalmirock.fi\/index.php\/wp-json\/wp\/v2\/pages"}],"about":[{"href":"https:\/\/www.suomussalmirock.fi\/index.php\/wp-json\/wp\/v2\/types\/page"}],"author":[{"embeddable":true,"href":"https:\/\/www.suomussalmirock.fi\/index.php\/wp-json\/wp\/v2\/users\/1"}],"replies":[{"embeddable":true,"href":"https:\/\/www.suomussalmirock.fi\/index.php\/wp-json\/wp\/v2\/comments?post=338"}],"version-history":[{"count":6,"href":"https:\/\/www.suomussalmirock.fi\/index.php\/wp-json\/wp\/v2\/pages\/338\/revisions"}],"predecessor-version":[{"id":560,"href":"https:\/\/www.suomussalmirock.fi\/index.php\/wp-json\/wp\/v2\/pages\/338\/revisions\/560"}],"wp:attachment":[{"href":"https:\/\/www.suomussalmirock.fi\/index.php\/wp-json\/wp\/v2\/media?parent=338"}],"curies":[{"name":"wp","href":"https:\/\/api.w.org\/{rel}","templated":true}]}}