{"id":50,"date":"2025-06-17T15:35:36","date_gmt":"2025-06-17T15:35:36","guid":{"rendered":"https:\/\/www.suomussalmirock.fi\/?page_id=50"},"modified":"2026-01-29T09:18:21","modified_gmt":"2026-01-29T09:18:21","slug":"jatkanpuiston-paakonsertti","status":"publish","type":"page","link":"https:\/\/www.suomussalmirock.fi\/index.php\/suomussalmirock-kumppanit-2\/jatkanpuiston-paakonsertti\/","title":{"rendered":"Suviy\u00f6n Sumutus 2026-p\u00e4\u00e4konsertti"},"content":{"rendered":"\n<p><strong>J\u00e4tk\u00e4npuiston p\u00e4\u00e4konsertti kantaa nyt nime\u00e4 Suviy\u00f6n Sumutus takavuosien tapaan Sumun perinteit\u00e4 kunnioittaen!<\/strong><\/p>\n\n\n\n<figure class=\"wp-block-image size-large\"><img loading=\"lazy\" decoding=\"async\" width=\"1024\" height=\"385\" src=\"http:\/\/www.suomussalmirock.fi\/wp-content\/uploads\/2026\/01\/logo-26-kopio-1024x385.jpg\" alt=\"\" class=\"wp-image-449\" srcset=\"https:\/\/www.suomussalmirock.fi\/wp-content\/uploads\/2026\/01\/logo-26-kopio-1024x385.jpg 1024w, https:\/\/www.suomussalmirock.fi\/wp-content\/uploads\/2026\/01\/logo-26-kopio-300x113.jpg 300w, https:\/\/www.suomussalmirock.fi\/wp-content\/uploads\/2026\/01\/logo-26-kopio-768x289.jpg 768w, https:\/\/www.suomussalmirock.fi\/wp-content\/uploads\/2026\/01\/logo-26-kopio-1536x578.jpg 1536w, https:\/\/www.suomussalmirock.fi\/wp-content\/uploads\/2026\/01\/logo-26-kopio-2048x770.jpg 2048w\" sizes=\"auto, (max-width: 1024px) 100vw, 1024px\" \/><\/figure>\n\n\n\n<figure class=\"wp-block-image size-large\"><img loading=\"lazy\" decoding=\"async\" width=\"819\" height=\"1024\" src=\"http:\/\/www.suomussalmirock.fi\/wp-content\/uploads\/2026\/01\/WhatsApp-Image-2026-01-29-at-09.05.35-819x1024.jpeg\" alt=\"\" class=\"wp-image-512\" srcset=\"https:\/\/www.suomussalmirock.fi\/wp-content\/uploads\/2026\/01\/WhatsApp-Image-2026-01-29-at-09.05.35-819x1024.jpeg 819w, https:\/\/www.suomussalmirock.fi\/wp-content\/uploads\/2026\/01\/WhatsApp-Image-2026-01-29-at-09.05.35-240x300.jpeg 240w, https:\/\/www.suomussalmirock.fi\/wp-content\/uploads\/2026\/01\/WhatsApp-Image-2026-01-29-at-09.05.35-768x960.jpeg 768w, https:\/\/www.suomussalmirock.fi\/wp-content\/uploads\/2026\/01\/WhatsApp-Image-2026-01-29-at-09.05.35.jpeg 1080w\" sizes=\"auto, (max-width: 819px) 100vw, 819px\" \/><\/figure>\n\n\n\n<p><strong>T\u00e4ss\u00e4 ennakkotietoa ohjelmasta!<\/strong><\/p>\n\n\n\n<figure class=\"wp-block-image size-large\"><img loading=\"lazy\" decoding=\"async\" width=\"819\" height=\"1024\" src=\"http:\/\/www.suomussalmirock.fi\/wp-content\/uploads\/2026\/01\/WhatsApp-Image-2026-01-27-at-18.49.22-819x1024.jpeg\" alt=\"\" class=\"wp-image-516\" srcset=\"https:\/\/www.suomussalmirock.fi\/wp-content\/uploads\/2026\/01\/WhatsApp-Image-2026-01-27-at-18.49.22-819x1024.jpeg 819w, https:\/\/www.suomussalmirock.fi\/wp-content\/uploads\/2026\/01\/WhatsApp-Image-2026-01-27-at-18.49.22-240x300.jpeg 240w, https:\/\/www.suomussalmirock.fi\/wp-content\/uploads\/2026\/01\/WhatsApp-Image-2026-01-27-at-18.49.22-768x960.jpeg 768w, https:\/\/www.suomussalmirock.fi\/wp-content\/uploads\/2026\/01\/WhatsApp-Image-2026-01-27-at-18.49.22.jpeg 1080w\" sizes=\"auto, (max-width: 819px) 100vw, 819px\" \/><\/figure>\n\n\n\n<figure class=\"wp-block-image size-large\"><img loading=\"lazy\" decoding=\"async\" width=\"1024\" height=\"691\" src=\"https:\/\/www.suomussalmirock.fi\/wp-content\/uploads\/2025\/06\/SuomussalmiRock-2024-1600x1080-1-1024x691.jpeg\" alt=\"\" class=\"wp-image-187\" srcset=\"https:\/\/www.suomussalmirock.fi\/wp-content\/uploads\/2025\/06\/SuomussalmiRock-2024-1600x1080-1-1024x691.jpeg 1024w, https:\/\/www.suomussalmirock.fi\/wp-content\/uploads\/2025\/06\/SuomussalmiRock-2024-1600x1080-1-300x203.jpeg 300w, https:\/\/www.suomussalmirock.fi\/wp-content\/uploads\/2025\/06\/SuomussalmiRock-2024-1600x1080-1-768x518.jpeg 768w, https:\/\/www.suomussalmirock.fi\/wp-content\/uploads\/2025\/06\/SuomussalmiRock-2024-1600x1080-1-1536x1037.jpeg 1536w, https:\/\/www.suomussalmirock.fi\/wp-content\/uploads\/2025\/06\/SuomussalmiRock-2024-1600x1080-1.jpeg 1600w\" sizes=\"auto, (max-width: 1024px) 100vw, 1024px\" \/><figcaption class=\"wp-element-caption\">kuva: Kari Sepp\u00e4nen<\/figcaption><\/figure>\n\n\n\n<p>Tulevia esiintyji\u00e4 kes\u00e4ll\u00e4 2026 mm. SAARISALO, RABBIT CULT, HIMANEN, TANI GROUP ym. Lista t\u00e4ydentyy kev\u00e4\u00e4n mittaan. Alla lis\u00e4infoa esiintyjist\u00e4!<\/p>\n\n\n\n<figure class=\"wp-block-image size-full\"><img loading=\"lazy\" decoding=\"async\" width=\"740\" height=\"925\" src=\"https:\/\/www.suomussalmirock.fi\/wp-content\/uploads\/2026\/01\/rabbit-cult.jpg\" alt=\"\" class=\"wp-image-523\" srcset=\"https:\/\/www.suomussalmirock.fi\/wp-content\/uploads\/2026\/01\/rabbit-cult.jpg 740w, https:\/\/www.suomussalmirock.fi\/wp-content\/uploads\/2026\/01\/rabbit-cult-240x300.jpg 240w\" sizes=\"auto, (max-width: 740px) 100vw, 740px\" \/><\/figure>\n\n\n\n<figure class=\"wp-block-image size-full\"><img loading=\"lazy\" decoding=\"async\" width=\"740\" height=\"925\" src=\"https:\/\/www.suomussalmirock.fi\/wp-content\/uploads\/2026\/01\/saarisalo.jpg\" alt=\"\" class=\"wp-image-526\" srcset=\"https:\/\/www.suomussalmirock.fi\/wp-content\/uploads\/2026\/01\/saarisalo.jpg 740w, https:\/\/www.suomussalmirock.fi\/wp-content\/uploads\/2026\/01\/saarisalo-240x300.jpg 240w\" sizes=\"auto, (max-width: 740px) 100vw, 740px\" \/><\/figure>\n\n\n\n<figure class=\"wp-block-image size-large\"><img loading=\"lazy\" decoding=\"async\" width=\"819\" height=\"1024\" src=\"https:\/\/www.suomussalmirock.fi\/wp-content\/uploads\/2026\/01\/WhatsApp-Image-2026-01-29-at-10.02.22-819x1024.jpeg\" alt=\"\" class=\"wp-image-541\" srcset=\"https:\/\/www.suomussalmirock.fi\/wp-content\/uploads\/2026\/01\/WhatsApp-Image-2026-01-29-at-10.02.22-819x1024.jpeg 819w, https:\/\/www.suomussalmirock.fi\/wp-content\/uploads\/2026\/01\/WhatsApp-Image-2026-01-29-at-10.02.22-240x300.jpeg 240w, https:\/\/www.suomussalmirock.fi\/wp-content\/uploads\/2026\/01\/WhatsApp-Image-2026-01-29-at-10.02.22-768x960.jpeg 768w, https:\/\/www.suomussalmirock.fi\/wp-content\/uploads\/2026\/01\/WhatsApp-Image-2026-01-29-at-10.02.22.jpeg 1080w\" sizes=\"auto, (max-width: 819px) 100vw, 819px\" \/><\/figure>\n\n\n\n<p>Lis\u00e4\u00e4 tietoa muista artisteista my\u00f6hemmin, seuraa ilmoitteluamme!<\/p>\n","protected":false},"excerpt":{"rendered":"<p>J\u00e4tk\u00e4npuiston p\u00e4\u00e4konsertti kantaa nyt nime\u00e4 Suviy\u00f6n Sumutus takavuosien tapaan Sumun perinteit\u00e4 kunnioittaen! T\u00e4ss\u00e4 ennakkotietoa ohjelmasta! Tulevia esiintyji\u00e4 kes\u00e4ll\u00e4 2026 mm. SAARISALO, RABBIT CULT, HIMANEN, TANI GROUP ym. Lista t\u00e4ydentyy kev\u00e4\u00e4n mittaan. Alla lis\u00e4infoa esiintyjist\u00e4! Lis\u00e4\u00e4 tietoa muista artisteista my\u00f6hemmin, seuraa ilmoitteluamme!<\/p>\n","protected":false},"author":1,"featured_media":0,"parent":338,"menu_order":9,"comment_status":"closed","ping_status":"closed","template":"","meta":{"footnotes":""},"class_list":["post-50","page","type-page","status-publish","hentry"],"_links":{"self":[{"href":"https:\/\/www.suomussalmirock.fi\/index.php\/wp-json\/wp\/v2\/pages\/50","targetHints":{"allow":["GET"]}}],"collection":[{"href":"https:\/\/www.suomussalmirock.fi\/index.php\/wp-json\/wp\/v2\/pages"}],"about":[{"href":"https:\/\/www.suomussalmirock.fi\/index.php\/wp-json\/wp\/v2\/types\/page"}],"author":[{"embeddable":true,"href":"https:\/\/www.suomussalmirock.fi\/index.php\/wp-json\/wp\/v2\/users\/1"}],"replies":[{"embeddable":true,"href":"https:\/\/www.suomussalmirock.fi\/index.php\/wp-json\/wp\/v2\/comments?post=50"}],"version-history":[{"count":24,"href":"https:\/\/www.suomussalmirock.fi\/index.php\/wp-json\/wp\/v2\/pages\/50\/revisions"}],"predecessor-version":[{"id":543,"href":"https:\/\/www.suomussalmirock.fi\/index.php\/wp-json\/wp\/v2\/pages\/50\/revisions\/543"}],"up":[{"embeddable":true,"href":"https:\/\/www.suomussalmirock.fi\/index.php\/wp-json\/wp\/v2\/pages\/338"}],"wp:attachment":[{"href":"https:\/\/www.suomussalmirock.fi\/index.php\/wp-json\/wp\/v2\/media?parent=50"}],"curies":[{"name":"wp","href":"https:\/\/api.w.org\/{rel}","templated":true}]}}

Suviyön Sumutus 2026-pääkonsertti

<p><strong>Jätkänpuiston pääkonsertti kantaa nyt nimeä Suviyön Sumutus takavuosien tapaan Sumun perinteitä kunnioittaen!</strong></p>



<figure class="wp-block-image size-large"><img loading="lazy" decoding="async" width="1024" height="385" src="http://www.suomussalmirock.fi/wp-content/uploads/2026/01/logo-26-kopio-1024x385.jpg" alt="" class="wp-image-449" srcset="https://www.suomussalmirock.fi/wp-content/uploads/2026/01/logo-26-kopio-1024x385.jpg 1024w, https://www.suomussalmirock.fi/wp-content/uploads/2026/01/logo-26-kopio-300x113.jpg 300w, https://www.suomussalmirock.fi/wp-content/uploads/2026/01/logo-26-kopio-768x289.jpg 768w, https://www.suomussalmirock.fi/wp-content/uploads/2026/01/logo-26-kopio-1536x578.jpg 1536w, https://www.suomussalmirock.fi/wp-content/uploads/2026/01/logo-26-kopio-2048x770.jpg 2048w" sizes="auto, (max-width: 1024px) 100vw, 1024px" /></figure>



<figure class="wp-block-image size-large"><img loading="lazy" decoding="async" width="819" height="1024" src="http://www.suomussalmirock.fi/wp-content/uploads/2026/01/WhatsApp-Image-2026-01-29-at-09.05.35-819x1024.jpeg" alt="" class="wp-image-512" srcset="https://www.suomussalmirock.fi/wp-content/uploads/2026/01/WhatsApp-Image-2026-01-29-at-09.05.35-819x1024.jpeg 819w, https://www.suomussalmirock.fi/wp-content/uploads/2026/01/WhatsApp-Image-2026-01-29-at-09.05.35-240x300.jpeg 240w, https://www.suomussalmirock.fi/wp-content/uploads/2026/01/WhatsApp-Image-2026-01-29-at-09.05.35-768x960.jpeg 768w, https://www.suomussalmirock.fi/wp-content/uploads/2026/01/WhatsApp-Image-2026-01-29-at-09.05.35.jpeg 1080w" sizes="auto, (max-width: 819px) 100vw, 819px" /></figure>



<p><strong>Tässä ennakkotietoa ohjelmasta!</strong></p>



<figure class="wp-block-image size-large"><img loading="lazy" decoding="async" width="819" height="1024" src="http://www.suomussalmirock.fi/wp-content/uploads/2026/01/WhatsApp-Image-2026-01-27-at-18.49.22-819x1024.jpeg" alt="" class="wp-image-516" srcset="https://www.suomussalmirock.fi/wp-content/uploads/2026/01/WhatsApp-Image-2026-01-27-at-18.49.22-819x1024.jpeg 819w, https://www.suomussalmirock.fi/wp-content/uploads/2026/01/WhatsApp-Image-2026-01-27-at-18.49.22-240x300.jpeg 240w, https://www.suomussalmirock.fi/wp-content/uploads/2026/01/WhatsApp-Image-2026-01-27-at-18.49.22-768x960.jpeg 768w, https://www.suomussalmirock.fi/wp-content/uploads/2026/01/WhatsApp-Image-2026-01-27-at-18.49.22.jpeg 1080w" sizes="auto, (max-width: 819px) 100vw, 819px" /></figure>



<figure class="wp-block-image size-large"><img loading="lazy" decoding="async" width="1024" height="691" src="https://www.suomussalmirock.fi/wp-content/uploads/2025/06/SuomussalmiRock-2024-1600x1080-1-1024x691.jpeg" alt="" class="wp-image-187" srcset="https://www.suomussalmirock.fi/wp-content/uploads/2025/06/SuomussalmiRock-2024-1600x1080-1-1024x691.jpeg 1024w, https://www.suomussalmirock.fi/wp-content/uploads/2025/06/SuomussalmiRock-2024-1600x1080-1-300x203.jpeg 300w, https://www.suomussalmirock.fi/wp-content/uploads/2025/06/SuomussalmiRock-2024-1600x1080-1-768x518.jpeg 768w, https://www.suomussalmirock.fi/wp-content/uploads/2025/06/SuomussalmiRock-2024-1600x1080-1-1536x1037.jpeg 1536w, https://www.suomussalmirock.fi/wp-content/uploads/2025/06/SuomussalmiRock-2024-1600x1080-1.jpeg 1600w" sizes="auto, (max-width: 1024px) 100vw, 1024px" /><figcaption class="wp-element-caption">kuva: Kari Seppänen</figcaption></figure>



<p>Tulevia esiintyjiä kesällä 2026 mm. SAARISALO, RABBIT CULT, HIMANEN, TANI GROUP ym. Lista täydentyy kevään mittaan. Alla lisäinfoa esiintyjistä!</p>



<figure class="wp-block-image size-full"><img loading="lazy" decoding="async" width="740" height="925" src="https://www.suomussalmirock.fi/wp-content/uploads/2026/01/rabbit-cult.jpg" alt="" class="wp-image-523" srcset="https://www.suomussalmirock.fi/wp-content/uploads/2026/01/rabbit-cult.jpg 740w, https://www.suomussalmirock.fi/wp-content/uploads/2026/01/rabbit-cult-240x300.jpg 240w" sizes="auto, (max-width: 740px) 100vw, 740px" /></figure>



<figure class="wp-block-image size-full"><img loading="lazy" decoding="async" width="740" height="925" src="https://www.suomussalmirock.fi/wp-content/uploads/2026/01/saarisalo.jpg" alt="" class="wp-image-526" srcset="https://www.suomussalmirock.fi/wp-content/uploads/2026/01/saarisalo.jpg 740w, https://www.suomussalmirock.fi/wp-content/uploads/2026/01/saarisalo-240x300.jpg 240w" sizes="auto, (max-width: 740px) 100vw, 740px" /></figure>



<figure class="wp-block-image size-large"><img loading="lazy" decoding="async" width="819" height="1024" src="https://www.suomussalmirock.fi/wp-content/uploads/2026/01/WhatsApp-Image-2026-01-29-at-10.02.22-819x1024.jpeg" alt="" class="wp-image-541" srcset="https://www.suomussalmirock.fi/wp-content/uploads/2026/01/WhatsApp-Image-2026-01-29-at-10.02.22-819x1024.jpeg 819w, https://www.suomussalmirock.fi/wp-content/uploads/2026/01/WhatsApp-Image-2026-01-29-at-10.02.22-240x300.jpeg 240w, https://www.suomussalmirock.fi/wp-content/uploads/2026/01/WhatsApp-Image-2026-01-29-at-10.02.22-768x960.jpeg 768w, https://www.suomussalmirock.fi/wp-content/uploads/2026/01/WhatsApp-Image-2026-01-29-at-10.02.22.jpeg 1080w" sizes="auto, (max-width: 819px) 100vw, 819px" /></figure>



<p>Lisää tietoa muista artisteista myöhemmin, seuraa ilmoitteluamme!</p>

<p>Jätkänpuiston pääkonsertti kantaa nyt nimeä Suviyön Sumutus takavuosien tapaan Sumun perinteitä kunnioittaen! Tässä ennakkotietoa ohjelmasta! Tulevia esiintyjiä kesällä 2026 mm. SAARISALO, RABBIT CULT, HIMANEN, TANI GROUP ym. Lista täydentyy kevään mittaan. Alla lisäinfoa esiintyjistä! Lisää tietoa muista artisteista myöhemmin, seuraa ilmoitteluamme!</p>
